{"id":273,"date":"2023-01-25T10:19:36","date_gmt":"2023-01-25T09:19:36","guid":{"rendered":"https:\/\/osteotherapeute-demaria.com\/?page_id=273"},"modified":"2023-01-25T10:19:38","modified_gmt":"2023-01-25T09:19:38","slug":"magnetiseur","status":"publish","type":"page","link":"https:\/\/osteotherapeute-demaria.com\/index.php\/magnetiseur\/","title":{"rendered":"Magn\u00e9tiseur"},"content":{"rendered":"\n<hr class=\"wp-block-separator has-alpha-channel-opacity\"\/>\n\n\n\n<p>Le magn\u00e9tisme : une aide au quotidien<\/p>\n\n\n\n<p>Le magn\u00e9tisme permet de d\u00e9nouer les n\u0153uds du corps et du mental pour se sentir plus apais\u00e9 et pour lib\u00e9rer l&rsquo;\u00e9nergie afin qu&rsquo;elle circule bien des pieds \u00e0 la t\u00eate. On parle alors d&rsquo;alignement. C&rsquo;est cette base \u00e9nerg\u00e9tique que l&rsquo;on va retrouver avec des pratiques telles que l&rsquo;acupuncture par exemple.<\/p>\n\n\n\n<p>Tout le monde peut pratiquer une s\u00e9ance de magn\u00e9tisme afin de r\u00e9\u00e9quilibrer son corps et apaiser ses tensions. <\/p>\n\n\n\n<p>Ainsi le magn\u00e9tisme peut aussi bien aider les adultes que les enfant et les b\u00e9b\u00e9s<\/p>\n\n\n\n<div style=\"height:100px\" aria-hidden=\"true\" class=\"wp-block-spacer\"><\/div>\n","protected":false},"excerpt":{"rendered":"<p>Le magn\u00e9tisme : une aide au quotidien Le magn\u00e9tisme permet de d\u00e9nouer les n\u0153uds du corps et du mental pour se sentir plus apais\u00e9 et pour lib\u00e9rer l&rsquo;\u00e9nergie afin qu&rsquo;elle circule bien des pieds \u00e0 la t\u00eate. On parle alors d&rsquo;alignement. C&rsquo;est cette base \u00e9nerg\u00e9tique que l&rsquo;on va retrouver avec des pratiques telles que l&rsquo;acupuncture&hellip;&nbsp;<a href=\"https:\/\/osteotherapeute-demaria.com\/index.php\/magnetiseur\/\" rel=\"bookmark\">Lire la suite &raquo;<span class=\"screen-reader-text\">Magn\u00e9tiseur<\/span><\/a><\/p>\n","protected":false},"author":1,"featured_media":0,"parent":0,"menu_order":0,"comment_status":"closed","ping_status":"closed","template":"","meta":{"neve_meta_sidebar":"","neve_meta_container":"","neve_meta_enable_content_width":"","neve_meta_content_width":0,"neve_meta_title_alignment":"","neve_meta_author_avatar":"","neve_post_elements_order":"","neve_meta_disable_header":"","neve_meta_disable_footer":"","neve_meta_disable_title":"","footnotes":""},"class_list":["post-273","page","type-page","status-publish","hentry"],"jetpack_sharing_enabled":true,"_links":{"self":[{"href":"https:\/\/osteotherapeute-demaria.com\/index.php\/wp-json\/wp\/v2\/pages\/273","targetHints":{"allow":["GET"]}}],"collection":[{"href":"https:\/\/osteotherapeute-demaria.com\/index.php\/wp-json\/wp\/v2\/pages"}],"about":[{"href":"https:\/\/osteotherapeute-demaria.com\/index.php\/wp-json\/wp\/v2\/types\/page"}],"author":[{"embeddable":true,"href":"https:\/\/osteotherapeute-demaria.com\/index.php\/wp-json\/wp\/v2\/users\/1"}],"replies":[{"embeddable":true,"href":"https:\/\/osteotherapeute-demaria.com\/index.php\/wp-json\/wp\/v2\/comments?post=273"}],"version-history":[{"count":1,"href":"https:\/\/osteotherapeute-demaria.com\/index.php\/wp-json\/wp\/v2\/pages\/273\/revisions"}],"predecessor-version":[{"id":274,"href":"https:\/\/osteotherapeute-demaria.com\/index.php\/wp-json\/wp\/v2\/pages\/273\/revisions\/274"}],"wp:attachment":[{"href":"https:\/\/osteotherapeute-demaria.com\/index.php\/wp-json\/wp\/v2\/media?parent=273"}],"curies":[{"name":"wp","href":"https:\/\/api.w.org\/{rel}","templated":true}]}}